 factors of 20090.
2, 5, 7, 41
What are the prime factors of 8308?
2, 31, 67
List the prime factors of 2265.
3, 5, 151
List the prime factors of 89241.
3, 151, 197
List the prime factors of 1410.
2, 3, 5, 47
List the prime factors of 4488.
2, 3, 11, 17
List the prime factors of 27129.
3, 9043
What are the prime factors of 55344?
2, 3, 1153
What are the prime factors of 595?
5, 7, 17
What are the prime factors of 5449?
5449
What are the prime factors of 9694?
2, 37, 131
List the prime factors of 45456.
2, 3, 947
What are the prime factors of 9523?
89, 107
What are the prime factors of 12272?
2, 13, 59
What are the prime factors of 12207?
3, 13, 313
What are the prime factors of 100749?
3, 11, 43, 71
What are the prime factors of 7198?
2, 59, 61
List the prime factors of 3020.
2, 5, 151
List the prime factors of 3425.
5, 137
List the prime factors of 864.
2, 3
List the prime factors of 10246.
2, 47, 109
List the prime factors of 73339.
7, 10477
List the prime factors of 97.
97
What are the prime factors of 1361?
1361
List the prime factors of 18700.
2, 5, 11, 17
List the prime factors of 1211.
7, 173
What are the prime factors of 28499?
28499
List the prime factors of 885.
3, 5, 59
List the prime factors of 24121.
24121
What are the prime factors of 50325?
3, 5, 11, 61
List the prime factors of 11443.
11443
What are the prime factors of 557?
557
List the prime factors of 42320.
2, 5, 23
List the prime factors of 8389.
8389
What are the prime factors of 10114?
2, 13, 389
List the prime factors of 19302.
2, 3, 3217
List the prime factors of 149.
149
What are the prime factors of 2915?
5, 11, 53
What are the prime factors of 40190?
2, 5, 4019
List the prime factors of 4549.
4549
List the prime factors of 63.
3, 7
What are the prime factors of 67534?
2, 33767
What are the prime factors of 992?
2, 31
What are the prime factors of 4826?
2, 19, 127
List the prime factors of 16152.
2, 3, 673
What are the prime factors of 34628?
2, 11, 787
What are the prime factors of 255?
3, 5, 17
List the prime factors of 8058.
2, 3, 17, 79
List the prime factors of 2313.
3, 257
What are the prime factors of 1973?
1973
List the prime factors of 670.
2, 5, 67
What are the prime factors of 4966?
2, 13, 191
What are the prime factors of 122639?
11, 11149
List the prime factors of 9153.
3, 113
What are the prime factors of 1355?
5, 271
List the prime factors of 2967.
3, 23, 43
List the prime factors of 8656.
2, 541
List the prime factors of 218.
2, 109
What are the prime factors of 7825?
5, 313
List the prime factors of 64114.
2, 32057
List the prime factors of 9660.
2, 3, 5, 7, 23
List the prime factors of 22558.
2, 11279
List the prime factors of 4842.
2, 3, 269
What are the prime factors of 1488?
2, 3, 31
What are the prime factors of 15348?
2, 3, 1279
List the prime factors of 4000.
2, 5
What are the prime factors of 613?
613
List the prime factors of 102.
2, 3, 17
What are the prime factors of 10523?
17, 619
List the prime factors of 83396.
2, 20849
What are the prime factors of 12747?
3, 7, 607
What are the prime factors of 1253?
7, 179
List the prime factors of 942.
2, 3, 157
List the prime factors of 1424.
2, 89
List the prime factors of 765.
3, 5, 17
What are the prime factors of 1949?
1949
List the prime factors of 16161.
3, 5387
What are the prime factors of 32959?
23, 1433
What are the prime factors of 18773?
18773
What are the prime factors of 109975?
5, 53, 83
List the prime factors of 14012.
2, 31, 113
List the prime factors of 5368.
2, 11, 61
List the prime factors of 16.
2
What are the prime factors of 9255?
3, 5, 617
What are the prime factors of 1729?
7, 13, 19
What are the prime factors of 972?
2, 3
What are the prime factors of 1794?
2, 3, 13, 23
List the prime factors of 3401.
19, 179
List the prime factors of 56603.
23, 107
What are the prime factors of 2994?
2, 3, 499
List the prime factors of 37586.
2, 18793
What are the prime factors of 68330?
2, 5, 6833
List the prime factors of 903.
3, 7, 43
What are the prime factors of 215?
5, 43
What are the prime factors of 1691?
19, 89
What are the prime factors of 907?
907
What are the prime factors of 20113?
20113
List the prime factors of 153248.
2, 4789
What are the prime factors of 39149?
11, 3559
What are the prime factors of 230?
2, 5, 23
List the prime factors of 9782.
2, 67, 73
What are the prime factors of 3005?
5, 601
What are the prime factors of 1284?
2, 3, 107
List the prime factors of 119292.
2, 3, 9941
What are the prime factors of 14603?
17, 859
List the prime factors of 74405.
5, 23, 647
What are the prime factors of 283?
283
What are the prime factors of 2048?
2
What are the prime factors of 1536?
2, 3
List the prime factors of 973.
7, 139
List the prime factors of 476.
2, 7, 17
List the prime factors of 10875.
3, 5, 29
What are the prime factors of 21999?
3, 7333
What are the prime factors of 86264?
2, 41, 263
List the prime factors of 36250.
2, 5, 29
What are the prime factors of 4267?
17, 251
List the prime factors of 45194.
2, 59, 383
List the prime factors of 235.
5, 47
What are the prime factors of 20898?
2, 3, 43
What are the prime factors of 11678?
2, 5839
List the prime factors of 2085.
3, 5, 139
List the prime factors of 15420.
2, 3, 5, 257
List the prime factors of 72133.
53, 1361
List the prime factors of 73.
73
What are the prime factors of 90683?
29, 53, 59
What are the prime factors of 6381?
3, 709
What are the prime factors of 1111?
11, 101
List the prime factors of 40951.
31, 1321
What are the prime factors of 8283?
3, 11, 251
List the prime factors of 1275.
3, 5, 17
List the prime factors of 1385.
5, 277
What are the prime factors of 10141?
10141
List the prime factors of 2608.
2, 163
List the prime factors of 815.
5, 163
What are the prime factors of 10468?
2, 2617
List the prime factors of 23440.
2, 5, 293
What are the prime factors of 15200?
2, 5, 19
What are the prime factors of 105?
3, 5, 7
List the prime factors of 751.
751
What are the prime factors of 614?
2, 307
List the prime factors of 614.
2, 307
What are the prime factors of 4444?
2, 11, 101
List the prime factors of 683.
683
What are the prime factors of 15349?
15349
List the prime factors of 59421.
3, 29, 683
What are the prime factors of 9356?
2, 2339
What are the prime factors of 783?
3, 29
List the prime factors of 17527.
17, 1031
List the prime factors of 21158.
2, 71, 149
What are the prime factors of 3847?
3847
List the prime factors of 12117.
3, 7, 577
What are the prime factors of 20?
2, 5
List the prime factors of 14251.
14251
What are the prime factors of 1080?
2, 3, 5
What are the prime factors of 59037?
3, 11, 1789
List the prime factors of 867.
3, 17
What are the prime factors of 138273?
3, 46091
What are the prime factors of 26417?
26417
List the prime factors of 88605.
3, 5, 11, 179
List the prime factors of 3511.
3511
List the prime factors of 2755.
5, 19, 29
List the prime factors of 1230.
2, 3, 5, 41
List the prime factors of 27956.
2, 29, 241
What are the prime factors of 10086?
2, 3, 41
List the prime factors of 124686.
2, 3, 2309
List the prime factors of 1417.
13, 109
List the prime factors of 20334.
2, 3, 3389
List the prime factors of 27935.
5, 37, 151
What are the prime factors of 6429?
3, 2143
List the prime factors of 101734.
2, 50867
What are the prime factors of 2189?
11, 199
List the prime factors of 10441.
53, 197
List the prime factors of 571.
571
List the prime factors of 6403.
19, 337
What are the prime factors of 37?
37
What are the prime factors of 64170?
2, 3, 5, 23, 31
What are the prime factors of 7742?
2, 7, 79
What are the prime factors of 17063?
113, 151
What are the prime factors of 129056?
2, 37, 109
What are the prime factors of 1773?
3, 197
List the prime factors of 6051.
3, 2017
What are the prime factors of 600?
2, 3, 5
What are the prime factors of 100464?
2, 3, 7, 13, 23
What are the prime factors of 2103?
3, 701
What are the prime factors of 167448?
2, 3, 6977
What are the prime factors of 3799?
29, 131
List the prime factors of 10531.
10531
List the prime factors of 2020.
2, 5, 101
What are the prime factors of 3402?
2, 3, 7
List the prime factors of 6754.
2, 11, 307
What are the prime factors of 67859?
11, 31, 199
List the prime factors of 4854.
2,